{"id":981,"date":"2012-09-21T20:15:14","date_gmt":"2012-09-21T20:15:14","guid":{"rendered":"http:\/\/www.malekysice.cz\/?page_id=981"},"modified":"2012-10-01T18:43:06","modified_gmt":"2012-10-01T18:43:06","slug":"cyklostezka-%e2%80%9ekozova-hora-male-kysice","status":"publish","type":"page","link":"http:\/\/www.malekysice.cz\/?page_id=981","title":{"rendered":"CYKLOSTEZKA \u201eKO\u017dOV\u00c1 HORA \u2013 MAL\u00c9 KY\u0160ICE\u201c"},"content":{"rendered":"<p style=\"text-align: justify;\"><span style=\"text-decoration: underline;\">Popis trasy:<\/span> Proch\u00e1z\u00ed katastr\u00e1ln\u00edm \u00fazem\u00edm obc\u00ed: Velk\u00e1 Dobr\u00e1, Pleten\u00fd \u00dajezd, Bra\u0161kov, Ky\u0161ice, Horn\u00ed Bezd\u011bkov, Unho\u0161\u0165 a Mal\u00e9 Ky\u0161ice. Cyklostezka byla vybudov\u00e1na obecn\u011b prosp\u011b\u0161nou spole\u010dnost\u00ed NSEV Kladno-\u010cab\u00e1rna b\u011bhem let 2010 a 2011. Jej\u00ed celkov\u00e1 d\u00e9lka \u010din\u00ed 7,7 km. Po trase jsou rozm\u00edst\u011bny informa\u010dn\u00ed tabule a stoly s\u00a0lavi\u010dkami pro chv\u00edle odpo\u010dinku.<\/p>\n<p>\u00a0<a href=\"http:\/\/www.malekysice.cz\/wp-content\/uploads\/2012\/09\/016.jpg\"><img loading=\"lazy\" class=\"wp-image-1181 alignleft\" src=\"http:\/\/www.malekysice.cz\/wp-content\/uploads\/2012\/09\/016-300x225.jpg\" alt=\"\" width=\"240\" height=\"180\" srcset=\"http:\/\/www.malekysice.cz\/wp-content\/uploads\/2012\/09\/016-300x225.jpg 300w, http:\/\/www.malekysice.cz\/wp-content\/uploads\/2012\/09\/016.jpg 640w\" sizes=\"(max-width: 240px) 100vw, 240px\" \/><\/a><a href=\"http:\/\/www.malekysice.cz\/wp-content\/uploads\/2012\/09\/026.jpg\"><img loading=\"lazy\" class=\"wp-image-1182 alignleft\" src=\"http:\/\/www.malekysice.cz\/wp-content\/uploads\/2012\/09\/026-224x300.jpg\" alt=\"\" width=\"179\" height=\"240\" srcset=\"http:\/\/www.malekysice.cz\/wp-content\/uploads\/2012\/09\/026-224x300.jpg 224w, http:\/\/www.malekysice.cz\/wp-content\/uploads\/2012\/09\/026.jpg 479w\" sizes=\"(max-width: 179px) 100vw, 179px\" \/><\/a><a href=\"http:\/\/www.malekysice.cz\/wp-content\/uploads\/2012\/09\/033.jpg\"><img loading=\"lazy\" class=\"wp-image-1183 alignleft\" src=\"http:\/\/www.malekysice.cz\/wp-content\/uploads\/2012\/09\/033-300x225.jpg\" alt=\"\" width=\"240\" height=\"180\" srcset=\"http:\/\/www.malekysice.cz\/wp-content\/uploads\/2012\/09\/033-300x225.jpg 300w, http:\/\/www.malekysice.cz\/wp-content\/uploads\/2012\/09\/033.jpg 640w\" sizes=\"(max-width: 240px) 100vw, 240px\" \/><\/a><a href=\"http:\/\/www.malekysice.cz\/wp-content\/uploads\/2012\/09\/043.jpg\"><img loading=\"lazy\" class=\"wp-image-1184 alignleft\" src=\"http:\/\/www.malekysice.cz\/wp-content\/uploads\/2012\/09\/043-225x300.jpg\" alt=\"\" width=\"180\" height=\"240\" srcset=\"http:\/\/www.malekysice.cz\/wp-content\/uploads\/2012\/09\/043-225x300.jpg 225w, http:\/\/www.malekysice.cz\/wp-content\/uploads\/2012\/09\/043.jpg 480w\" sizes=\"(max-width: 180px) 100vw, 180px\" \/><\/a><a href=\"http:\/\/www.malekysice.cz\/wp-content\/uploads\/2012\/09\/063.jpg\"><img loading=\"lazy\" class=\"wp-image-1196 alignleft\" src=\"http:\/\/www.malekysice.cz\/wp-content\/uploads\/2012\/09\/063-225x300.jpg\" alt=\"\" width=\"180\" height=\"240\" srcset=\"http:\/\/www.malekysice.cz\/wp-content\/uploads\/2012\/09\/063-225x300.jpg 225w, http:\/\/www.malekysice.cz\/wp-content\/uploads\/2012\/09\/063.jpg 480w\" sizes=\"(max-width: 180px) 100vw, 180px\" \/><\/a><a href=\"http:\/\/www.malekysice.cz\/wp-content\/uploads\/2012\/09\/052.jpg\"><img loading=\"lazy\" class=\"wp-image-1185 alignleft\" src=\"http:\/\/www.malekysice.cz\/wp-content\/uploads\/2012\/09\/052-300x225.jpg\" alt=\"\" width=\"240\" height=\"180\" srcset=\"http:\/\/www.malekysice.cz\/wp-content\/uploads\/2012\/09\/052-300x225.jpg 300w, http:\/\/www.malekysice.cz\/wp-content\/uploads\/2012\/09\/052.jpg 640w\" sizes=\"(max-width: 240px) 100vw, 240px\" \/><\/a><a href=\"http:\/\/www.malekysice.cz\/wp-content\/uploads\/2012\/09\/072.jpg\"><br \/>\n<img loading=\"lazy\" class=\"wp-image-1188 alignright\" src=\"http:\/\/www.malekysice.cz\/wp-content\/uploads\/2012\/09\/072-300x225.jpg\" alt=\"\" width=\"240\" height=\"180\" srcset=\"http:\/\/www.malekysice.cz\/wp-content\/uploads\/2012\/09\/072-300x225.jpg 300w, http:\/\/www.malekysice.cz\/wp-content\/uploads\/2012\/09\/072.jpg 640w\" sizes=\"(max-width: 240px) 100vw, 240px\" \/><\/a><a href=\"http:\/\/www.malekysice.cz\/wp-content\/uploads\/2012\/09\/082.jpg\"><img loading=\"lazy\" class=\"wp-image-1189 alignleft\" src=\"http:\/\/www.malekysice.cz\/wp-content\/uploads\/2012\/09\/082-300x225.jpg\" alt=\"\" width=\"240\" height=\"180\" srcset=\"http:\/\/www.malekysice.cz\/wp-content\/uploads\/2012\/09\/082-300x225.jpg 300w, http:\/\/www.malekysice.cz\/wp-content\/uploads\/2012\/09\/082.jpg 640w\" sizes=\"(max-width: 240px) 100vw, 240px\" \/><\/a><a href=\"http:\/\/www.malekysice.cz\/wp-content\/uploads\/2012\/09\/092.jpg\"><img loading=\"lazy\" class=\"wp-image-1190 alignright\" src=\"http:\/\/www.malekysice.cz\/wp-content\/uploads\/2012\/09\/092-300x225.jpg\" alt=\"\" width=\"240\" height=\"180\" srcset=\"http:\/\/www.malekysice.cz\/wp-content\/uploads\/2012\/09\/092-300x225.jpg 300w, http:\/\/www.malekysice.cz\/wp-content\/uploads\/2012\/09\/092.jpg 640w\" sizes=\"(max-width: 240px) 100vw, 240px\" \/><\/a><a href=\"http:\/\/www.malekysice.cz\/wp-content\/uploads\/2012\/09\/102.jpg\"><img loading=\"lazy\" class=\"wp-image-1191\" src=\"http:\/\/www.malekysice.cz\/wp-content\/uploads\/2012\/09\/102-300x225.jpg\" alt=\"\" width=\"240\" height=\"180\" srcset=\"http:\/\/www.malekysice.cz\/wp-content\/uploads\/2012\/09\/102-300x225.jpg 300w, http:\/\/www.malekysice.cz\/wp-content\/uploads\/2012\/09\/102.jpg 640w\" sizes=\"(max-width: 240px) 100vw, 240px\" \/><\/a><\/p>\n","protected":false},"excerpt":{"rendered":"<p>Popis trasy: Proch\u00e1z\u00ed katastr\u00e1ln\u00edm \u00fazem\u00edm obc\u00ed: Velk\u00e1 Dobr\u00e1, Pleten\u00fd \u00dajezd, Bra\u0161kov, Ky\u0161ice, Horn\u00ed Bezd\u011bkov, Unho\u0161\u0165 a Mal\u00e9 Ky\u0161ice. Cyklostezka byla vybudov\u00e1na obecn\u011b prosp\u011b\u0161nou spole\u010dnost\u00ed NSEV Kladno-\u010cab\u00e1rna b\u011bhem let 2010 a&hellip;<\/p>\n","protected":false},"author":1,"featured_media":0,"parent":955,"menu_order":0,"comment_status":"closed","ping_status":"open","template":"","meta":[],"_links":{"self":[{"href":"http:\/\/www.malekysice.cz\/index.php?rest_route=\/wp\/v2\/pages\/981"}],"collection":[{"href":"http:\/\/www.malekysice.cz\/index.php?rest_route=\/wp\/v2\/pages"}],"about":[{"href":"http:\/\/www.malekysice.cz\/index.php?rest_route=\/wp\/v2\/types\/page"}],"author":[{"embeddable":true,"href":"http:\/\/www.malekysice.cz\/index.php?rest_route=\/wp\/v2\/users\/1"}],"replies":[{"embeddable":true,"href":"http:\/\/www.malekysice.cz\/index.php?rest_route=%2Fwp%2Fv2%2Fcomments&post=981"}],"version-history":[{"count":59,"href":"http:\/\/www.malekysice.cz\/index.php?rest_route=\/wp\/v2\/pages\/981\/revisions"}],"predecessor-version":[{"id":1092,"href":"http:\/\/www.malekysice.cz\/index.php?rest_route=\/wp\/v2\/pages\/981\/revisions\/1092"}],"up":[{"embeddable":true,"href":"http:\/\/www.malekysice.cz\/index.php?rest_route=\/wp\/v2\/pages\/955"}],"wp:attachment":[{"href":"http:\/\/www.malekysice.cz\/index.php?rest_route=%2Fwp%2Fv2%2Fmedia&parent=981"}],"curies":[{"name":"wp","href":"https:\/\/api.w.org\/{rel}","templated":true}]}}

CYKLOSTEZKA „KOŽOVÁ HORA – MALÉ KYŠICE“

<p style="text-align: justify;"><span style="text-decoration: underline;">Popis trasy:</span> Prochází katastrálním územím obcí: Velká Dobrá, Pletený Újezd, Braškov, Kyšice, Horní Bezděkov, Unhošť a Malé Kyšice. Cyklostezka byla vybudována obecně prospěšnou společností NSEV Kladno-Čabárna během let 2010 a 2011. Její celková délka činí 7,7 km. Po trase jsou rozmístěny informační tabule a stoly s lavičkami pro chvíle odpočinku.</p>
<p> <a href="http://www.malekysice.cz/wp-content/uploads/2012/09/016.jpg"><img loading="lazy" class="wp-image-1181 alignleft" src="http://www.malekysice.cz/wp-content/uploads/2012/09/016-300x225.jpg" alt="" width="240" height="180" srcset="http://www.malekysice.cz/wp-content/uploads/2012/09/016-300x225.jpg 300w, http://www.malekysice.cz/wp-content/uploads/2012/09/016.jpg 640w" sizes="(max-width: 240px) 100vw, 240px" /></a><a href="http://www.malekysice.cz/wp-content/uploads/2012/09/026.jpg"><img loading="lazy" class="wp-image-1182 alignleft" src="http://www.malekysice.cz/wp-content/uploads/2012/09/026-224x300.jpg" alt="" width="179" height="240" srcset="http://www.malekysice.cz/wp-content/uploads/2012/09/026-224x300.jpg 224w, http://www.malekysice.cz/wp-content/uploads/2012/09/026.jpg 479w" sizes="(max-width: 179px) 100vw, 179px" /></a><a href="http://www.malekysice.cz/wp-content/uploads/2012/09/033.jpg"><img loading="lazy" class="wp-image-1183 alignleft" src="http://www.malekysice.cz/wp-content/uploads/2012/09/033-300x225.jpg" alt="" width="240" height="180" srcset="http://www.malekysice.cz/wp-content/uploads/2012/09/033-300x225.jpg 300w, http://www.malekysice.cz/wp-content/uploads/2012/09/033.jpg 640w" sizes="(max-width: 240px) 100vw, 240px" /></a><a href="http://www.malekysice.cz/wp-content/uploads/2012/09/043.jpg"><img loading="lazy" class="wp-image-1184 alignleft" src="http://www.malekysice.cz/wp-content/uploads/2012/09/043-225x300.jpg" alt="" width="180" height="240" srcset="http://www.malekysice.cz/wp-content/uploads/2012/09/043-225x300.jpg 225w, http://www.malekysice.cz/wp-content/uploads/2012/09/043.jpg 480w" sizes="(max-width: 180px) 100vw, 180px" /></a><a href="http://www.malekysice.cz/wp-content/uploads/2012/09/063.jpg"><img loading="lazy" class="wp-image-1196 alignleft" src="http://www.malekysice.cz/wp-content/uploads/2012/09/063-225x300.jpg" alt="" width="180" height="240" srcset="http://www.malekysice.cz/wp-content/uploads/2012/09/063-225x300.jpg 225w, http://www.malekysice.cz/wp-content/uploads/2012/09/063.jpg 480w" sizes="(max-width: 180px) 100vw, 180px" /></a><a href="http://www.malekysice.cz/wp-content/uploads/2012/09/052.jpg"><img loading="lazy" class="wp-image-1185 alignleft" src="http://www.malekysice.cz/wp-content/uploads/2012/09/052-300x225.jpg" alt="" width="240" height="180" srcset="http://www.malekysice.cz/wp-content/uploads/2012/09/052-300x225.jpg 300w, http://www.malekysice.cz/wp-content/uploads/2012/09/052.jpg 640w" sizes="(max-width: 240px) 100vw, 240px" /></a><a href="http://www.malekysice.cz/wp-content/uploads/2012/09/072.jpg"><br />
<img loading="lazy" class="wp-image-1188 alignright" src="http://www.malekysice.cz/wp-content/uploads/2012/09/072-300x225.jpg" alt="" width="240" height="180" srcset="http://www.malekysice.cz/wp-content/uploads/2012/09/072-300x225.jpg 300w, http://www.malekysice.cz/wp-content/uploads/2012/09/072.jpg 640w" sizes="(max-width: 240px) 100vw, 240px" /></a><a href="http://www.malekysice.cz/wp-content/uploads/2012/09/082.jpg"><img loading="lazy" class="wp-image-1189 alignleft" src="http://www.malekysice.cz/wp-content/uploads/2012/09/082-300x225.jpg" alt="" width="240" height="180" srcset="http://www.malekysice.cz/wp-content/uploads/2012/09/082-300x225.jpg 300w, http://www.malekysice.cz/wp-content/uploads/2012/09/082.jpg 640w" sizes="(max-width: 240px) 100vw, 240px" /></a><a href="http://www.malekysice.cz/wp-content/uploads/2012/09/092.jpg"><img loading="lazy" class="wp-image-1190 alignright" src="http://www.malekysice.cz/wp-content/uploads/2012/09/092-300x225.jpg" alt="" width="240" height="180" srcset="http://www.malekysice.cz/wp-content/uploads/2012/09/092-300x225.jpg 300w, http://www.malekysice.cz/wp-content/uploads/2012/09/092.jpg 640w" sizes="(max-width: 240px) 100vw, 240px" /></a><a href="http://www.malekysice.cz/wp-content/uploads/2012/09/102.jpg"><img loading="lazy" class="wp-image-1191" src="http://www.malekysice.cz/wp-content/uploads/2012/09/102-300x225.jpg" alt="" width="240" height="180" srcset="http://www.malekysice.cz/wp-content/uploads/2012/09/102-300x225.jpg 300w, http://www.malekysice.cz/wp-content/uploads/2012/09/102.jpg 640w" sizes="(max-width: 240px) 100vw, 240px" /></a></p>

<p>Popis trasy: Prochází katastrálním územím obcí: Velká Dobrá, Pletený Újezd, Braškov, Kyšice, Horní Bezděkov, Unhošť a Malé Kyšice. Cyklostezka byla vybudována obecně prospěšnou společností NSEV Kladno-Čabárna během let 2010 a&hellip;</p>
