{"id":970,"date":"2012-09-21T20:10:59","date_gmt":"2012-09-21T20:10:59","guid":{"rendered":"http:\/\/www.malekysice.cz\/?page_id=970"},"modified":"2012-10-02T07:04:24","modified_gmt":"2012-10-02T07:04:24","slug":"potepli","status":"publish","type":"page","link":"http:\/\/www.malekysice.cz\/?page_id=970","title":{"rendered":"POTEPL\u00cd"},"content":{"rendered":"<p><em>(m\u00edstn\u00ed \u010d\u00e1st \/osada\/ obce Mal\u00e9 Ky\u0161ice se z\u00e1stavbou rekrea\u010dn\u00edch chat)<\/em><\/p>\n<p style=\"text-align: justify;\"><span style=\"text-decoration: underline;\">Poloha:<\/span> z\u00e1padn\u011b od obce Mal\u00e9 Ky\u0161ice, p\u0159i potoku Lod\u011bnice (Ka\u010d\u00e1k), p\u0159i okresn\u00ed silnici Unho\u0161\u0165 (Nouzov) \u2013 Potepl\u00ed \u2013 Ni\u017ebor. Osadou prot\u00e9k\u00e1 potok Ka\u010d\u00e1k a tato\u00a0 se skl\u00e1d\u00e1 z\u00a0n\u011bkolika staven\u00ed a rekrea\u010dn\u00edch chat, obklopuj\u00edc\u00edch starobyl\u00fd Pro\u0161k\u016fv vodn\u00ed ml\u00fdn. P\u016fvodn\u00ed koupali\u0161t\u011b ji\u017e nen\u00ed po l\u00e9ta v\u00a0provozu. Od n\u011bho p\u0159es louku je vid\u011bt poteplsk\u00e1 h\u00e1jovna. Lokalita je od roku 1923 sou\u010d\u00e1st\u00ed obce Mal\u00e9 Ky\u0161ice, p\u0159ed t\u00edm pat\u0159ila k\u00a0Bezd\u011bkovu. Na star\u00fdch map\u00e1ch se jmenuje jako \u201ePoteply\u201c nebo \u201ePod Teplym\u201c, to se vysv\u011btluje jako ves pod Tepl\u00fdm vrchem. Bohatou minulost m\u00e1 zdej\u0161\u00ed ml\u00fdn, ke kter\u00e9mu pat\u0159\u00edvala zdej\u0161\u00ed restaurace (dnes zvan\u00e1 \u201eU Netop\u00fdra\u201c).<\/p>\n<p><strong>Pro\u0161k\u016fv ml\u00fdn v\u00a0Potepl\u00ed<\/strong><\/p>\n<p style=\"text-align: justify;\"><span style=\"text-decoration: underline;\">Poloha:<\/span> Staven\u00ed b\u00fdv. vodn\u00edho ml\u00fdna se nach\u00e1z\u00ed na potoku Lod\u011bnice p\u0159ed mostkem p\u0159i uv\u00e1d\u011bn\u00e9 okresn\u00ed silnici.<\/p>\n<p style=\"text-align: justify;\">Staven\u00ed b\u00fdv. vodn\u00edho ml\u00fdnu je\u00a0nejstar\u0161\u00ed dolo\u017eenou stavebn\u00ed pam\u00e1tkou v\u00a0k.\u00fa. obce Mal\u00e9 Ky\u0161ice; prvn\u00ed p\u00edsemn\u00e1 zm\u00ednka o ml\u00fdnu poch\u00e1zej\u00ed k\u00a0roku 1423. Stroh\u00e9 p\u00edsemn\u00e9 zpr\u00e1vy o existenci ml\u00fdna jsou z 15. stolet\u00ed. Od roku 1548\u00a0 byl majetkem p\u00e1n\u016f Bezdru\u017eick\u00fdch z\u00a0Kolovrat, potom Hrz\u00e1na z\u00a0Harasova ad.\u00a0 Mezi nejzn\u00e1m\u011bj\u0161\u00ed n\u00e1jemce pat\u0159ili mlyn\u00e1\u0159i Ka\u0161par Votava, Jan a Mat\u011bj Sva\u0161kov\u00e9 ad. V\u00a0dob\u011b t\u0159icetilet\u00e9 v\u00e1lky m\u011bl b\u00fdt ml\u00fdn vyp\u00e1len. Od roku 1892 je s\u00a0ml\u00fdnem spojen rod Pro\u0161k\u016f, jeho\u017e \u010dlenov\u00e9 objekt ml\u00fdna u\u017e\u00edvaj\u00ed k\u00a0rekrea\u010dn\u00edm \u00fa\u010del\u016fm do dne\u0161n\u00ed doby.\u00a0 P\u0159estalo se zde ml\u00edt na za\u010d\u00e1tku II. sv\u011btov\u00e9 v\u00e1lky.<\/p>\n<p style=\"text-align: justify;\"><span style=\"text-decoration: underline;\">V\u00fdznamn\u00e1 osobnost:<\/span> Ml\u00fdn je rodi\u0161t\u011bm <strong>Ing. Josefa PRO\u0160KA<\/strong> (nar. 1890), kter\u00fd v\u00a0roce 1913 dostal m\u00edsto architekta p\u0159i vl\u00e1dn\u00edm \u00fa\u0159ad\u011b v\u00a0Makedonii, odkud p\u0159\u00e1tele upozor\u0148oval, \u017ee dojde \u201ek velik\u00e9 v\u00e1lce evropsk\u00e9\u201c. Po vypuknut\u00ed v\u00e1lky v\u00a0roce 1914 vstoupil jako legion\u00e1\u0159 do srbsk\u00e9 arm\u00e1dy, se kterou prod\u011blal balk\u00e1nsk\u00fd \u00fastup a potom bojoval na solu\u0148sk\u00e9 front\u011b. Za state\u010dnost byl vyznamen\u00e1n v\u00e1le\u010dn\u00fdm k\u0159\u00ed\u017eem. S\u00a0podlomen\u00fdm zdrav\u00edm se vr\u00e1til dom\u016f, zem\u0159el 6.3. 1923 a byl pochov\u00e1n v\u00a0Unho\u0161ti.<\/p>\n<p style=\"text-align: justify;\">V\u00a0p\u0159\u00edpad\u011b staven\u00ed ml\u00fdna se jedn\u00e1 o jednu z\u00a0nejhodnotn\u011bj\u0161\u00edch um\u011blecko-technick\u00fdch pam\u00e1tek ve st\u0159edn\u00edch\u00a0\u010cech\u00e1ch, proto\u017ee se do dne\u0161n\u00ed doby pom\u011brn\u011b dob\u0159e zachovalo vnit\u0159n\u00ed stroj\u00ed za\u0159\u00edzen\u00ed, poch\u00e1zej\u00edc\u00ed z\u00a0posledn\u00ed \u010dtvrtiny 19. stolet\u00ed v\u00a0kombinaci s\u00a0p\u016fvodn\u00edm slo\u017een\u00edm s\u00a0\u010desk\u00fdm kamenem; bohu\u017eel, z\u00a0d\u016fvodu nedostatku finan\u010dn\u00edch prost\u0159edk\u016f na opravy t.\u010d. v\u00a0ohro\u017een\u00e9m stavu. Objekt ml\u00fdna je v\u00a0soukrom\u00e9m vlastnictv\u00ed; p\u0159\u00edstupn\u00fd p\u0159\u00edle\u017eitostn\u011b (pov\u011bt\u0161in\u011b v\u00a0sou\u010dinnosti jeho majitel\u016f s\u00a0Melicharov\u00fdm vlastiv\u011bdn\u00fdm muzeem v\u00a0Unho\u0161ti).<\/p>\n<p><a href=\"http:\/\/www.malekysice.cz\/wp-content\/uploads\/2012\/09\/25.jpg\"><img loading=\"lazy\" class=\"wp-image-1305 alignleft\" src=\"http:\/\/www.malekysice.cz\/wp-content\/uploads\/2012\/09\/25-300x225.jpg\" alt=\"\" width=\"240\" height=\"180\" srcset=\"http:\/\/www.malekysice.cz\/wp-content\/uploads\/2012\/09\/25-300x225.jpg 300w, http:\/\/www.malekysice.cz\/wp-content\/uploads\/2012\/09\/25.jpg 640w\" sizes=\"(max-width: 240px) 100vw, 240px\" \/><\/a><a href=\"http:\/\/www.malekysice.cz\/wp-content\/uploads\/2012\/09\/15.jpg\"><img loading=\"lazy\" class=\"wp-image-1306 alignleft\" src=\"http:\/\/www.malekysice.cz\/wp-content\/uploads\/2012\/09\/15-300x225.jpg\" alt=\"\" width=\"240\" height=\"180\" srcset=\"http:\/\/www.malekysice.cz\/wp-content\/uploads\/2012\/09\/15-300x225.jpg 300w, http:\/\/www.malekysice.cz\/wp-content\/uploads\/2012\/09\/15.jpg 640w\" sizes=\"(max-width: 240px) 100vw, 240px\" \/><\/a><\/p>\n<p><strong>Restaurace \u201eU Netop\u00fdra\u201c v Potepl\u00ed<\/strong><\/p>\n<p style=\"text-align: justify;\"><span style=\"text-decoration: underline;\">Poloha:<\/span> p\u0159i vjezdu do osady od Unho\u0161t\u011b. Opraven\u00fd objekt restaurace \u2013 t.\u010d. v\u00a0provozu (zaji\u0161\u0165uj\u00edc\u00ed restaura\u010dn\u00ed slu\u017eby). Budova hostince postavena v\u00a0roce 1903.<\/p>\n<p style=\"text-align: justify;\"><span style=\"text-decoration: underline;\">Zaj\u00edmavost:<\/span> V\u00a0letech 1903-1904 byl n\u00e1jemcem hostince Bed\u0159ich Fricke, kter\u00fd zde zalo\u017eil redakci prvn\u00edho \u010desk\u00e9ho m\u00edrov\u00e9ho \u010dasopisu \u201eOdzbrojte\u201c. N\u00e1zev p\u0159evzal podle stejnojmenn\u00e9ho pacifistick\u00e9ho rom\u00e1nu rakousk\u00e9 spisovatelky Berty Suttnerorov\u00e9, roz. Kinsk\u00e9, pozd\u011bj\u0161\u00ed nositelky Nobelovy ceny za m\u00edr (ud\u011blen\u00e9 j\u00ed v\u00a0r. 1905). Vzhledem k\u00a0obsahov\u00e9mu zam\u011b\u0159en\u00ed \u010dasopisu vy\u0161la jen dv\u011b \u010d\u00edsla (1.10. a 1.11. 1904), dal\u0161\u00ed vyd\u00e1v\u00e1n\u00ed bylo c. a k. rakousk\u00fdmi \u00fa\u0159ady zak\u00e1z\u00e1no. Vydavatel zem\u0159el v\u00a0Unho\u0161ti 4.3. 1905.<\/p>\n<p><a href=\"http:\/\/www.malekysice.cz\/wp-content\/uploads\/2012\/09\/100_51301.jpg\"><img loading=\"lazy\" class=\"wp-image-1299 aligncenter\" src=\"http:\/\/www.malekysice.cz\/wp-content\/uploads\/2012\/09\/100_51301-300x198.jpg\" alt=\"\" width=\"240\" height=\"158\" srcset=\"http:\/\/www.malekysice.cz\/wp-content\/uploads\/2012\/09\/100_51301-300x198.jpg 300w, http:\/\/www.malekysice.cz\/wp-content\/uploads\/2012\/09\/100_51301.jpg 640w\" sizes=\"(max-width: 240px) 100vw, 240px\" \/><\/a><\/p>\n<p>&nbsp;<\/p>\n<p><strong>Pam\u00e1tn\u00edk Rudoarm\u011bjc\u016f v\u00a0Potepl\u00ed<\/strong><\/p>\n<p style=\"text-align: justify;\"><span style=\"text-decoration: underline;\">Poloha:<\/span> v\u00a0z\u00e1hybu v\u00fd\u0161e uv\u00e1d\u011bn\u00e9 silnice. Pam\u00e1tn\u00edk postaven\u00fd v\u00a0roce 1947 kladenskou stavebn\u00ed firmou architekta a stavitele Vil\u00e9ma Proch\u00e1zky. Do pam\u00e1tn\u00edku z\u00a0p\u016fvodn\u00edho hrobu ulo\u017eeny exhumovan\u00e9 ostatky p\u0159\u00edslu\u0161n\u00edk\u016f Rud\u00e9 arm\u00e1dy Duchno Ivana Livkovi\u010de z\u00a0\u010cernichovsk\u00e9 oblasti a Michajlova z\u00a0Leningradu, kte\u0159\u00ed v\u00a0kv\u011btnov\u00fdch dnech roku 1945 zahynuli za bl\u00ed\u017ee nezji\u0161t\u011bn\u00fdch okolnost\u00ed v\u00a0Potepl\u00ed.<\/p>\n<p><a href=\"http:\/\/www.malekysice.cz\/wp-content\/uploads\/2012\/09\/53.jpg\"><img loading=\"lazy\" class=\"wp-image-1291 alignleft\" src=\"http:\/\/www.malekysice.cz\/wp-content\/uploads\/2012\/09\/53-300x225.jpg\" alt=\"\" width=\"240\" height=\"180\" srcset=\"http:\/\/www.malekysice.cz\/wp-content\/uploads\/2012\/09\/53-300x225.jpg 300w, http:\/\/www.malekysice.cz\/wp-content\/uploads\/2012\/09\/53.jpg 640w\" sizes=\"(max-width: 240px) 100vw, 240px\" \/><\/a><a href=\"http:\/\/www.malekysice.cz\/wp-content\/uploads\/2012\/09\/34.jpg\"><img loading=\"lazy\" class=\"wp-image-1292 alignnone\" src=\"http:\/\/www.malekysice.cz\/wp-content\/uploads\/2012\/09\/34-300x225.jpg\" alt=\"\" width=\"240\" height=\"180\" srcset=\"http:\/\/www.malekysice.cz\/wp-content\/uploads\/2012\/09\/34-300x225.jpg 300w, http:\/\/www.malekysice.cz\/wp-content\/uploads\/2012\/09\/34.jpg 640w\" sizes=\"(max-width: 240px) 100vw, 240px\" \/><\/a><a href=\"http:\/\/www.malekysice.cz\/wp-content\/uploads\/2012\/09\/44.jpg\"><img loading=\"lazy\" class=\"wp-image-1293 alignleft\" src=\"http:\/\/www.malekysice.cz\/wp-content\/uploads\/2012\/09\/44-300x225.jpg\" alt=\"\" width=\"240\" height=\"180\" srcset=\"http:\/\/www.malekysice.cz\/wp-content\/uploads\/2012\/09\/44-300x225.jpg 300w, http:\/\/www.malekysice.cz\/wp-content\/uploads\/2012\/09\/44.jpg 640w\" sizes=\"(max-width: 240px) 100vw, 240px\" \/><\/a><a href=\"http:\/\/www.malekysice.cz\/wp-content\/uploads\/2012\/09\/63.jpg\"><img loading=\"lazy\" class=\"wp-image-1294 alignnone\" src=\"http:\/\/www.malekysice.cz\/wp-content\/uploads\/2012\/09\/63-300x225.jpg\" alt=\"\" width=\"240\" height=\"180\" srcset=\"http:\/\/www.malekysice.cz\/wp-content\/uploads\/2012\/09\/63-300x225.jpg 300w, http:\/\/www.malekysice.cz\/wp-content\/uploads\/2012\/09\/63.jpg 640w\" sizes=\"(max-width: 240px) 100vw, 240px\" \/><\/a><\/p>\n<p><strong>Ka\u010d\u00e1k\u00a0 (Lod\u011bnice, Lod\u011bnick\u00fd potok)<\/strong><\/p>\n<p style=\"text-align: justify;\">\u00da\u0159edn\u00ed n\u00e1zev tohoto vodn\u00edho toku je Lod\u011bnice (Lod\u011bnick\u00fd potok) a nese ho podle obce, kterou prot\u00e9k\u00e1 ve sv\u00e9m doln\u00edm toku (Lod\u011bnice, okres Beroun). Mnohem zn\u00e1m\u011bj\u0161\u00ed je v\u0161ak pod n\u00e1zvem Ka\u010d\u00e1k (a to p\u0159edev\u0161\u00edm ve sv\u00e9m st\u0159edn\u00edm a\u00a0 horn\u00edm toku, kde le\u017e\u00ed obec Ka\u010dice (okres Kladno), kter\u00e1 mu m\u011bla d\u00e1t jm\u00e9no \u201eKa\u010dick\u00fd potok\u201c. Potok pramen\u00ed v\u00a0okrese Rakovn\u00edk u obce Krou\u010dov\u00e1 ve v\u00fd\u0161ce 478 metr\u016f, prot\u00e9k\u00e1 jihoz\u00e1padn\u00ed \u010d\u00e1st\u00ed okresu Kladno, kr\u00e1tce tvo\u0159\u00ed katastr\u00e1ln\u00ed hranici mezi okresy Praha-z\u00e1pad a Beroun a jeho vody se vl\u00e9vaj\u00ed nedaleko obce Srbsko (okres Beroun) do \u0159eky Berounky. D\u00e9lka toku je 61 km a plocha povod\u00ed 271 km<sup>2<\/sup>. Pr\u016fm\u011brn\u00fd sp\u00e1d toku je 4,4 metru na kilometr a u \u00fast\u00ed byl nam\u011b\u0159en pr\u016fm\u011brn\u00fd pr\u016ftok 0,53 m<sup>3<\/sup> za vte\u0159inu. Na Unho\u0161\u0165sku prot\u00e9k\u00e1 katastr\u00e1ln\u00edmi \u00fazem\u00edmi obc\u00ed Horn\u00ed Bezd\u011bkov, Mal\u00e9 Ky\u0161ice, Unho\u0161\u0165.<\/p>\n<p>&nbsp;<\/p>\n","protected":false},"excerpt":{"rendered":"<p>(m\u00edstn\u00ed \u010d\u00e1st \/osada\/ obce Mal\u00e9 Ky\u0161ice se z\u00e1stavbou rekrea\u010dn\u00edch chat) Poloha: z\u00e1padn\u011b od obce Mal\u00e9 Ky\u0161ice, p\u0159i potoku Lod\u011bnice (Ka\u010d\u00e1k), p\u0159i okresn\u00ed silnici Unho\u0161\u0165 (Nouzov) \u2013 Potepl\u00ed \u2013 Ni\u017ebor. Osadou&hellip;<\/p>\n","protected":false},"author":1,"featured_media":0,"parent":955,"menu_order":0,"comment_status":"closed","ping_status":"open","template":"","meta":[],"_links":{"self":[{"href":"http:\/\/www.malekysice.cz\/index.php?rest_route=\/wp\/v2\/pages\/970"}],"collection":[{"href":"http:\/\/www.malekysice.cz\/index.php?rest_route=\/wp\/v2\/pages"}],"about":[{"href":"http:\/\/www.malekysice.cz\/index.php?rest_route=\/wp\/v2\/types\/page"}],"author":[{"embeddable":true,"href":"http:\/\/www.malekysice.cz\/index.php?rest_route=\/wp\/v2\/users\/1"}],"replies":[{"embeddable":true,"href":"http:\/\/www.malekysice.cz\/index.php?rest_route=%2Fwp%2Fv2%2Fcomments&post=970"}],"version-history":[{"count":19,"href":"http:\/\/www.malekysice.cz\/index.php?rest_route=\/wp\/v2\/pages\/970\/revisions"}],"predecessor-version":[{"id":1288,"href":"http:\/\/www.malekysice.cz\/index.php?rest_route=\/wp\/v2\/pages\/970\/revisions\/1288"}],"up":[{"embeddable":true,"href":"http:\/\/www.malekysice.cz\/index.php?rest_route=\/wp\/v2\/pages\/955"}],"wp:attachment":[{"href":"http:\/\/www.malekysice.cz\/index.php?rest_route=%2Fwp%2Fv2%2Fmedia&parent=970"}],"curies":[{"name":"wp","href":"https:\/\/api.w.org\/{rel}","templated":true}]}}