{"id":957,"date":"2012-09-21T20:03:30","date_gmt":"2012-09-21T20:03:30","guid":{"rendered":"http:\/\/www.malekysice.cz\/?page_id=957"},"modified":"2023-10-31T08:43:59","modified_gmt":"2023-10-31T08:43:59","slug":"vzdalenejsi-okoli","status":"publish","type":"page","link":"http:\/\/www.malekysice.cz\/?page_id=957","title":{"rendered":"Vzd\u00e1len\u011bj\u0161\u00ed okol\u00ed"},"content":{"rendered":"<ul>\n<li><strong><a title=\"Jen\u010dov\" href=\"http:\/\/www.malekysice.cz\/?page_id=1055\">JEN\u010cOV<\/a><\/strong><\/li>\n<\/ul>\n<ul>\n<li><strong><a title=\"Z\u00e1mek Ni\u017ebor\" href=\"http:\/\/www.malekysice.cz\/?page_id=1057\">Z\u00c1MEK NI\u017dBOR<\/a><\/strong><\/li>\n<\/ul>\n<ul>\n<li><strong><a title=\"K\u0159ivokl\u00e1t\" href=\"http:\/\/www.malekysice.cz\/?page_id=1059\">K\u0158IVOKL\u00c1T<\/a><\/strong><\/li>\n<\/ul>\n<ul>\n<li><strong><a title=\"CHKO K\u0159ivokl\u00e1tsko\" href=\"http:\/\/www.malekysice.cz\/?page_id=1061\">CHKO K\u0158IVOKL\u00c1TSKO<\/a><\/strong><\/li>\n<\/ul>\n","protected":false},"excerpt":{"rendered":"<p>JEN\u010cOV Z\u00c1MEK NI\u017dBOR K\u0158IVOKL\u00c1T CHKO K\u0158IVOKL\u00c1TSKO<\/p>\n","protected":false},"author":1,"featured_media":0,"parent":18,"menu_order":0,"comment_status":"closed","ping_status":"open","template":"","meta":[],"_links":{"self":[{"href":"http:\/\/www.malekysice.cz\/index.php?rest_route=\/wp\/v2\/pages\/957"}],"collection":[{"href":"http:\/\/www.malekysice.cz\/index.php?rest_route=\/wp\/v2\/pages"}],"about":[{"href":"http:\/\/www.malekysice.cz\/index.php?rest_route=\/wp\/v2\/types\/page"}],"author":[{"embeddable":true,"href":"http:\/\/www.malekysice.cz\/index.php?rest_route=\/wp\/v2\/users\/1"}],"replies":[{"embeddable":true,"href":"http:\/\/www.malekysice.cz\/index.php?rest_route=%2Fwp%2Fv2%2Fcomments&post=957"}],"version-history":[{"count":4,"href":"http:\/\/www.malekysice.cz\/index.php?rest_route=\/wp\/v2\/pages\/957\/revisions"}],"predecessor-version":[{"id":4502,"href":"http:\/\/www.malekysice.cz\/index.php?rest_route=\/wp\/v2\/pages\/957\/revisions\/4502"}],"up":[{"embeddable":true,"href":"http:\/\/www.malekysice.cz\/index.php?rest_route=\/wp\/v2\/pages\/18"}],"wp:attachment":[{"href":"http:\/\/www.malekysice.cz\/index.php?rest_route=%2Fwp%2Fv2%2Fmedia&parent=957"}],"curies":[{"name":"wp","href":"https:\/\/api.w.org\/{rel}","templated":true}]}}