{"id":49,"date":"2012-05-02T20:16:28","date_gmt":"2012-05-02T20:16:28","guid":{"rendered":"http:\/\/www.malekysice.cz\/?page_id=49"},"modified":"2021-04-22T16:26:41","modified_gmt":"2021-04-22T16:26:41","slug":"historie","status":"publish","type":"page","link":"http:\/\/www.malekysice.cz\/?page_id=49","title":{"rendered":"Historie"},"content":{"rendered":"<p style=\"text-align: justify;\">Do roku 1923 byly Mal\u00e9 Ky\u0161ice jednou z\u00a0\u010d\u00e1st\u00ed obce Horn\u00ed Bezd\u011bkov. K osamostatn\u011bn\u00ed obc\u00ed do\u0161lo v\u00fdnosem ministerstva vnitra \u010d. 73611 z 10. listopadu 1923, kdy vznikly t\u0159i samostatn\u00e9 obce \u2013 Horn\u00ed Bezd\u011bkov, Doln\u00ed Bezd\u011bkov a Mal\u00e9 Ky\u0161ice. V\u00a0letech 1986-90 byla obec jednou z\u00a0\u010d\u00e1st\u00ed m\u011bsta Unho\u0161t\u011b. Na z\u00e1klad\u011b \u017e\u00e1dosti maloky\u0161ick\u00fdch ob\u010dan\u016f schv\u00e1lilo plen\u00e1rn\u00ed zased\u00e1n\u00ed Okresn\u00edho n\u00e1rodn\u00edho v\u00fdboru Kladno v\u00a0\u010dervnu 1990 desintegraci obce Mal\u00e9 Ky\u0161ice s\u00a0\u00fa\u010dinnost\u00ed od kon\u00e1n\u00ed komun\u00e1ln\u00edch voleb (24. 11. 1990). Od t\u00e9 doby je obec op\u011bt samostatn\u00e1.<\/p>\n<p>&nbsp;<\/p>\n<h1>Pod Vysok\u00fdm vrchem<\/h1>\n<p style=\"text-align: justify;\">V minulosti pat\u0159ila p\u0159ev\u00e1\u017en\u00e1 v\u011bt\u0161ina dne\u0161n\u00edho katastr\u00e1ln\u00edho \u00fazem\u00ed obce Mal\u00e9 Ky\u0161ice<strong> <\/strong>ke K\u0159ivokl\u00e1tsk\u00e9mu panstv\u00ed, jeho\u017e centrum bylo od nepam\u011bti soust\u0159ed\u011bno na kr\u00e1lovsk\u00fd hr\u00e1dek, pozd\u011bji hrad, K\u0159ivokl\u00e1t. Spolu s\u00a0t\u00edm, jak hrad m\u011bnil majitele, m\u011bnily je lesy z bl\u00edzk\u00e9ho i vzd\u00e1len\u011bj\u0161\u00edho okol\u00ed. Star\u0161\u00ed d\u011bjiny obce jsou zahaleny tajemstv\u00edm, oporou jsou lidov\u00e1 vypr\u00e1v\u011bn\u00ed, p\u0159ed\u00e1van\u00e1 z pokolen\u00ed na pokolen\u00ed. Kdy\u017e je porovn\u00e1me s\u00a0archivn\u00edmi z\u00e1pisy, dobereme se k\u00a0n\u00e1sleduj\u00edc\u00ed rekonstrukci ran\u00fdch d\u011bjin obce. V dob\u011b, kdy K\u0159ivokl\u00e1tsk\u00e9 panstv\u00ed bylo zastaveno (1658) Franti\u0161ku Adolfu Schwarzenberkovi, p\u0159ihnala se (pravd\u011bpodobn\u011b v roce 1680) vich\u0159ice, je\u017e zpusto\u0161ila okoln\u00ed bohat\u00e9 a hust\u00e9 lesy. Lid\u00e9, p\u0159iveden\u00ed ke zpracov\u00e1n\u00ed kalamity, poch\u00e1zeli ze S\u00fdko\u0159ice a z Nezabudic. Po n\u011bkolika desetilet\u00edch byla pohroma primitivn\u00edmi prost\u0159edky zdol\u00e1na, a to i za zt\u00ed\u017een\u00fdch podm\u00ednek, kdy zpor\u00e1\u017een\u00e9 kmeny strom\u016f \u010dasto napadl k\u016frovec. D\u0159evorubci a uhl\u00ed\u0159i zalo\u017eili v okol\u00ed (dnes ji\u017e zavezen\u00e9ho) rybn\u00ed\u010dku na pozd\u011bj\u0161\u00ed maloky\u0161ick\u00e9 n\u00e1vsi osadu. St\u00e1lo zde n\u011bkolik mal\u00fdch chaloupek, postaven\u00fdch z otesan\u00fdch kmen\u016f, slepen\u00fdch hl\u00ednou, d\u00edry a sp\u00e1ry byly ucp\u00e1v\u00e1ny mechem. A snad pr\u00e1v\u011b proto se v lidov\u00e9 mluv\u011b Unho\u0161\u0165ska dochovalo pro Mal\u00e9 Ky\u0161ice dodnes pojmenov\u00e1n\u00ed &#8222;Ky\u0161ick\u00e9 Chaloupky&#8220; nebo &#8222;Na Chaloupk\u00e1ch&#8220;. D\u0159\u00edv\u00ed se p\u00e1lilo v mil\u00ed\u0159\u00edch, z\u00edskan\u00e9 d\u0159ev\u011bn\u00e9 uhl\u00ed bylo pot\u0159ebn\u00e9 pro hutnictv\u00ed a sl\u00e9v\u00e1renstv\u00ed. V\u017edy\u0165 pece na v\u00fdrobu \u017eeleza ve zdej\u0161\u00edm kraji zn\u00e1me ji\u017e z dob Kelt\u016f. A tak po\u0159\u00e1d stav\u011bli uhl\u00ed\u0159i d\u0159\u00edv\u00ed do pyramid, pohazovali je hl\u00ednou, zapalovali a znovu a znovu stoupal zvolna nad lesy t\u011b\u017ek\u00fd \u0161edomodr\u00fd d\u00fdm. Nad Vysok\u00fdm vrchem se ustavi\u010dn\u011b objevovala kou\u0159ov\u00e1 clona a prost\u00fd lid ze vzd\u00e1len\u011bj\u0161\u00edho okol\u00ed z\u00a0toho usuzoval, \u017ee jde o doutnaj\u00edc\u00ed sopku. Obdobn\u00e9 domn\u011bnky podporovali pozd\u011bji i formani p\u0159ij\u00ed\u017ed\u011bj\u00edc\u00ed z t\u011bchto m\u00edst. P\u0159\u00edrodn\u00ed kalamita ve zdej\u0161\u00edch les\u00edch byla zlikvidov\u00e1na a \u017eivot &#8222;Na Chaloupk\u00e1ch&#8220; b\u011b\u017eel d\u00e1l. D\u0159evorubci i uhl\u00ed\u0159i se zde usadili na st\u00e1lo, d\u0159ev\u011bn\u00e9 uhl\u00ed se p\u00e1lilo d\u00e1l, a to i v\u00a0dob\u011b (1775), kdy bylo mezi Bu\u0161t\u011bhradem a Rapicemi nalezeno \u010dern\u00e9 uhl\u00ed. Pr\u00e1v\u011b konkurence kamenn\u00e9ho uhl\u00ed, ba dokonce i koksu, pozd\u011bji ud\u011blala te\u010dku za uhl\u00ed\u0159sk\u00fdm fortelem a za uhl\u00ed\u0159inou v\u016fbec.<\/p>\n<p>&nbsp;<\/p>\n<h1>P\u0159i\u0161el \u010dlov\u011bk na sv\u011bt<\/h1>\n<figure id=\"attachment_491\" aria-describedby=\"caption-attachment-491\" style=\"width: 135px\" class=\"wp-caption alignleft\"><a href=\"http:\/\/www.malekysice.cz\/wp-content\/uploads\/2012\/05\/Kapli\u010dka2.jpg\"><img loading=\"lazy\" class=\" wp-image-491\" title=\"Kapli\u010dka na n\u00e1vsi\" src=\"http:\/\/www.malekysice.cz\/wp-content\/uploads\/2012\/05\/Kapli\u010dka2.jpg\" alt=\"\" width=\"135\" height=\"180\" \/><\/a><figcaption id=\"caption-attachment-491\" class=\"wp-caption-text\">Kapli\u010dka na n\u00e1vsi<\/figcaption><\/figure>\n<p style=\"text-align: justify;\">Na oslavu zru\u0161en\u00ed roboty si Maloky\u0161i\u010d\u0161t\u00ed postavili (1848) na n\u00e1vsi zd\u011bnou kapli\u010dku se zav\u011b\u0161en\u00fdm zvonem, kter\u00e1 nahradila d\u0159ev\u011bnou, ztrouchniv\u011blou zvonici. Stavba se stala p\u0159\u00ed\u010dinou furiantsk\u00e9ho sporu dvou majetn\u00fdch soused\u016f &#8211; Mat\u011bje \u0160ef\u010d\u00edka a Dominika \u0160\u00edmy, kter\u00fd spor, jak\u00fdm sm\u011brem bude st\u00e1t \u010deln\u00ed strana nov\u00e9ho bo\u017e\u00edho st\u00e1nku, vyhr\u00e1l. Pora\u017een\u00e9ho Mat\u011bje \u0160ef\u010d\u00edka je\u0161t\u011b dnes p\u0159ipom\u00edn\u00e1 \u017eelezn\u00fd k\u0159\u00ed\u017e, zasazen\u00fd do zd\u011bn\u00e9ho podstavce p\u0159ed vchodem do kapli\u010dky a oto\u010den\u00fd \u010deln\u00ed stranou ke staven\u00ed, ve kter\u00e9m \u017eil. Do podstavce je vezd\u011bn\u00e1 \u017eelezn\u00e1 deska s n\u00e1pisem: <em>&#8222;P\u0159i\u0161el \u010dlow\u011bk na sw\u011bt, aby hledal to, co zahynulo. Postavil Mat\u011bg \u0160ef\u010d\u00edk roku 1849&#8220;.<\/em><\/p>\n<p style=\"text-align: justify;\">Mal\u00e9 Ky\u0161ice b\u00fdvaly v minulosti p\u0159edev\u0161\u00edm obc\u00ed \u0160\u00edm\u016f. Toto p\u0159\u00edjmen\u00ed se zde objevovalo snad v ka\u017ed\u00e9m staven\u00ed. \u0160\u00edm\u016f b\u00fdvalo v obci tolik, \u017ee se navz\u00e1jem rozli\u0161ovali p\u0159ezd\u00edvkami, nap\u0159\u00edklad: \u0160\u00edma-Starosta, \u0160\u00edma-Z hospody, \u0160\u00edma-Ze statku, \u0160\u00edma-Ameri\u010dan, \u0160\u00edma-Verun\u010dinej, \u0160\u00edma-\u017delezni\u010d\u00e1\u0159, u \u0160\u00edm\u016f-Rudolf\u016f. Zaj\u00edmavou postavou v obci b\u00fdval \u0160\u00edma Tonda-Tul\u00e1k, kter\u00fd zde snad m\u011bl jen domovsk\u00e9 pr\u00e1vo, jinak se toulal po okol\u00ed a \u017eivil se, jak se dalo.<\/p>\n<p style=\"text-align: justify;\">V\u011bt\u0161ina obyvatel pracovala ve zdej\u0161\u00edch les\u00edch, postupn\u011b se za\u010d\u00ednali objevovat prvn\u00ed zem\u011bd\u011blci, pozd\u011bji i maloroln\u00edci.<\/p>\n<p style=\"text-align: justify;\">Objev \u010dern\u00e9ho uhl\u00ed na Kladensku umo\u017enil i nov\u00e9 pracovn\u00ed p\u0159\u00edle\u017eitosti maloky\u0161ick\u00fdm usedl\u00edk\u016fm. Za ka\u017ed\u00e9ho po\u010das\u00ed chodili denn\u011b \u010dtrn\u00e1ct kilometr\u016f na \u0161achty a po t\u011b\u017ek\u00e9 pr\u00e1ci stejn\u011b kilometr\u016f zp\u011bt z K\u00fcbecku, Engerthu nebo dokonce z &#8222;Ronnovky&#8220;, kter\u00e1 se vyp\u00ednala nad b\u00fdvalou obc\u00ed Hnidousy (dnes \u0160vermov &#8211; \u010d\u00e1st m\u011bsta Kladna). J\u00edzdn\u00ed kola za\u010dali pou\u017e\u00edvat mnohem pozd\u011bji.<\/p>\n<p style=\"text-align: justify;\">P\u0159esto\u017ee v\u011bt\u0161inu jejich \u010dasu pohlcovala pr\u00e1ce, dok\u00e1zali si \u017eivot zpest\u0159it. Na p\u0159elomu dvac\u00e1t\u00e9ho stolet\u00ed existovala v Mal\u00fdch Ky\u0161ic\u00edch ochotnick\u00e1 spole\u010dnost, v\u00a0druh\u00e9 polovin\u011b roku 1910 vznikla<strong> <\/strong>\u010cten\u00e1\u0159sko-hospod\u00e1\u0159sk\u00e1 beseda. Kupovala knihy, odeb\u00edrala \u010dasopisy, existoval p\u0159i n\u00ed dramatick\u00fd odbor, kter\u00fd nacvi\u010doval a hr\u00e1l divadeln\u00ed hry. Beseda se rozpadla v roce 1926. V\u00fdznamnou roli m\u00edval v obci Sbor dobrovoln\u00fdch hasi\u010d\u016f, kter\u00fd byl v Mal\u00fdch Ky\u0161ic\u00edch z\u0159\u00edzen v\u00fdnosem m\u00edstodr\u017eitelstv\u00ed v kv\u011btnu 1903. Fyzickou zdatnost si ob\u010dan\u00e9 udr\u017eovali a v\u00a0t\u011blocviku se zdokonalovali ve dvou t\u011blocvi\u010dn\u00fdch jednot\u00e1ch. Od kv\u011btna 1919 podchytila sportovn\u00ed \u017eivot D\u011blnick\u00e1 t\u011blocvi\u010dn\u00e1 jednota (DTJ) Mal\u00e9 Ky\u0161ice (zanikla v \u0159\u00edjnu 1935). Druhou t\u011blocvi\u010dnou jednotou byl Sokol, od \u010dervence 1919. Sokol v Mal\u00fdch Ky\u0161ic\u00edch zanikl stejn\u011b jako v okoln\u00edch obc\u00edch v dob\u011b okupace, pravd\u011bpodobn\u011b v \u0159\u00edjnu 1941.<\/p>\n<p style=\"text-align: justify;\">V osmn\u00e1ct\u00e9m, ale je\u0161t\u011b i v devaten\u00e1ct\u00e9m stolet\u00ed byly Mal\u00e9 Ky\u0161ice ozna\u010dov\u00e1ny za samotu. Spole\u010dn\u011b s Doln\u00edm a s Horn\u00edm Bezd\u011bkovem tvo\u0159ily jednu politickou obec s n\u00e1zvem &#8222;Horn\u00ed Bezd\u011bkov&#8220;. V\u00a0Horn\u00edm Bezd\u011bkov\u011b m\u011bl s\u00eddlo starosta a pozd\u011bji sem chodily maloky\u0161ick\u00e9 d\u011bti do \u0161koly. V samostatn\u00fdch Mal\u00fdch Ky\u0161ic\u00edch se konaly volby do obecn\u00edho zastupitelstva poprv\u00e9 v roce 1924.<\/p>\n<p>&nbsp;<\/p>\n<h1><\/h1>\n<h1>M\u00edstn\u00ed \u010d\u00e1st Potepl\u00ed<\/h1>\n<p style=\"text-align: justify;\">Po rozd\u011blen\u00ed Horn\u00edho Bezd\u011bkova v roce 1923 na t\u0159i samostatn\u00e9 obce p\u0159ipadla k Mal\u00fdm Ky\u0161ic\u00edm m\u00edstn\u00ed \u010d\u00e1st <strong>Potepl\u00ed<\/strong>.<\/p>\n<figure id=\"attachment_494\" aria-describedby=\"caption-attachment-494\" style=\"width: 240px\" class=\"wp-caption alignright\"><a href=\"http:\/\/www.malekysice.cz\/wp-content\/uploads\/2012\/05\/Ml\u00fdn-v-Potepl\u00ed-ve-30.-letech-min.-st..jpg\"><img loading=\"lazy\" class=\" wp-image-494 \" title=\"Ml\u00fdn v Potepl\u00ed ve 30. letech min. st.\" src=\"http:\/\/www.malekysice.cz\/wp-content\/uploads\/2012\/05\/Ml\u00fdn-v-Potepl\u00ed-ve-30.-letech-min.-st.-300x184.jpg\" alt=\"\" width=\"240\" height=\"147\" srcset=\"http:\/\/www.malekysice.cz\/wp-content\/uploads\/2012\/05\/Ml\u00fdn-v-Potepl\u00ed-ve-30.-letech-min.-st.-300x184.jpg 300w, http:\/\/www.malekysice.cz\/wp-content\/uploads\/2012\/05\/Ml\u00fdn-v-Potepl\u00ed-ve-30.-letech-min.-st..jpg 503w\" sizes=\"(max-width: 240px) 100vw, 240px\" \/><\/a><figcaption id=\"caption-attachment-494\" class=\"wp-caption-text\">Ml\u00fdn v Potepl\u00ed ve 30. letech min. st.<\/figcaption><\/figure>\n<p style=\"text-align: justify;\">Stoj\u00ed tady starobyl\u00fd ml\u00fdn, o kter\u00e9m se zmi\u0148uj\u00ed p\u00edsemn\u00e9 zpr\u00e1vy z patn\u00e1ct\u00e9ho stolet\u00ed. Za dobu sv\u00e9 existence vyst\u0159\u00eddal hodn\u011b majitel\u016f a tak\u00e9 n\u00e1jemc\u016f, sv\u00e9mu \u00fa\u010delu p\u0159estal slou\u017eit na po\u010d\u00e1tku druh\u00e9 sv\u011btov\u00e9 v\u00e1lky. Ke ml\u00fdnu nerozlu\u010dn\u011b pat\u0159\u00ed sousedn\u00ed staven\u00ed &#8211; restaurace se s\u00e1lem. Za\u010d\u00e1tkem minul\u00e9ho stolet\u00ed, v dob\u011b jej\u00edho uveden\u00ed do provozu, ji m\u011bl pronajatu Bed\u0159ich Fricke, syn prusk\u00e9ho v\u00e1le\u010dn\u00e9ho zb\u011bha. Fricke zde zalo\u017eil redakci prvn\u00edho \u010desk\u00e9ho protiv\u00e1le\u010dn\u00e9ho \u010dasopisu s v\u00fdsti\u017en\u00fdm n\u00e1zvem &#8222;Odzbrojte!&#8220;, kter\u00fd p\u0159evzal podle stejnojmenn\u00e9ho pacifistick\u00e9ho rom\u00e1nu rakousk\u00e9 spisovatelky Berthy von Suttner, pozd\u011bj\u0161\u00ed nositelky Nobelovy ceny za m\u00edr (1905). Bohu\u017eel vy\u0161la jen dv\u011b \u010d\u00edsla \u010dasopisu (\u0159\u00edjen, listopad 1904), dal\u0161\u00ed vyd\u00e1v\u00e1n\u00ed bylo rakousk\u00fdmi \u00fa\u0159ady zak\u00e1z\u00e1no.<\/p>\n","protected":false},"excerpt":{"rendered":"<p>Do roku 1923 byly Mal\u00e9 Ky\u0161ice jednou z\u00a0\u010d\u00e1st\u00ed obce Horn\u00ed Bezd\u011bkov. K osamostatn\u011bn\u00ed obc\u00ed do\u0161lo v\u00fdnosem ministerstva vnitra \u010d. 73611 z 10. listopadu 1923, kdy vznikly t\u0159i samostatn\u00e9 obce \u2013&hellip;<\/p>\n","protected":false},"author":1,"featured_media":0,"parent":12,"menu_order":0,"comment_status":"closed","ping_status":"closed","template":"","meta":[],"_links":{"self":[{"href":"http:\/\/www.malekysice.cz\/index.php?rest_route=\/wp\/v2\/pages\/49"}],"collection":[{"href":"http:\/\/www.malekysice.cz\/index.php?rest_route=\/wp\/v2\/pages"}],"about":[{"href":"http:\/\/www.malekysice.cz\/index.php?rest_route=\/wp\/v2\/types\/page"}],"author":[{"embeddable":true,"href":"http:\/\/www.malekysice.cz\/index.php?rest_route=\/wp\/v2\/users\/1"}],"replies":[{"embeddable":true,"href":"http:\/\/www.malekysice.cz\/index.php?rest_route=%2Fwp%2Fv2%2Fcomments&post=49"}],"version-history":[{"count":18,"href":"http:\/\/www.malekysice.cz\/index.php?rest_route=\/wp\/v2\/pages\/49\/revisions"}],"predecessor-version":[{"id":3769,"href":"http:\/\/www.malekysice.cz\/index.php?rest_route=\/wp\/v2\/pages\/49\/revisions\/3769"}],"up":[{"embeddable":true,"href":"http:\/\/www.malekysice.cz\/index.php?rest_route=\/wp\/v2\/pages\/12"}],"wp:attachment":[{"href":"http:\/\/www.malekysice.cz\/index.php?rest_route=%2Fwp%2Fv2%2Fmedia&parent=49"}],"curies":[{"name":"wp","href":"https:\/\/api.w.org\/{rel}","templated":true}]}}