{"id":4822,"date":"2024-09-30T13:49:50","date_gmt":"2024-09-30T13:49:50","guid":{"rendered":"http:\/\/www.malekysice.cz\/?page_id=4822"},"modified":"2024-11-13T10:08:44","modified_gmt":"2024-11-13T10:08:44","slug":"obsazenost-volnocasoveho-arealu","status":"publish","type":"page","link":"http:\/\/www.malekysice.cz\/?page_id=4822","title":{"rendered":"Obsazenost volno\u010dasov\u00e9ho are\u00e1lu"},"content":{"rendered":"\n<p>V souladu s platn\u00fdm Provozn\u00edm \u0159\u00e1dem volno\u010dasov\u00e9ho are\u00e1lu obce Mal\u00e9 Ky\u0161ice \u010d. V\u010cA\/1\/2024 je volno\u010dasov\u00fd are\u00e1l obsazen v n\u00e1sleduj\u00edc\u00edch term\u00ednech:<\/p>\n\n\n\n<figure class=\"wp-block-table\"><table><tbody><tr><td><\/td><td><\/td><td><\/td><\/tr><tr><td><\/td><td><\/td><td><\/td><\/tr><tr><td><\/td><td><\/td><td><\/td><\/tr><\/tbody><\/table><\/figure>\n","protected":false},"excerpt":{"rendered":"<p>V souladu s platn\u00fdm Provozn\u00edm \u0159\u00e1dem volno\u010dasov\u00e9ho are\u00e1lu obce Mal\u00e9 Ky\u0161ice \u010d. V\u010cA\/1\/2024 je volno\u010dasov\u00fd are\u00e1l obsazen v n\u00e1sleduj\u00edc\u00edch term\u00ednech:<\/p>\n","protected":false},"author":1,"featured_media":0,"parent":4718,"menu_order":0,"comment_status":"closed","ping_status":"closed","template":"","meta":[],"_links":{"self":[{"href":"http:\/\/www.malekysice.cz\/index.php?rest_route=\/wp\/v2\/pages\/4822"}],"collection":[{"href":"http:\/\/www.malekysice.cz\/index.php?rest_route=\/wp\/v2\/pages"}],"about":[{"href":"http:\/\/www.malekysice.cz\/index.php?rest_route=\/wp\/v2\/types\/page"}],"author":[{"embeddable":true,"href":"http:\/\/www.malekysice.cz\/index.php?rest_route=\/wp\/v2\/users\/1"}],"replies":[{"embeddable":true,"href":"http:\/\/www.malekysice.cz\/index.php?rest_route=%2Fwp%2Fv2%2Fcomments&post=4822"}],"version-history":[{"count":4,"href":"http:\/\/www.malekysice.cz\/index.php?rest_route=\/wp\/v2\/pages\/4822\/revisions"}],"predecessor-version":[{"id":4859,"href":"http:\/\/www.malekysice.cz\/index.php?rest_route=\/wp\/v2\/pages\/4822\/revisions\/4859"}],"up":[{"embeddable":true,"href":"http:\/\/www.malekysice.cz\/index.php?rest_route=\/wp\/v2\/pages\/4718"}],"wp:attachment":[{"href":"http:\/\/www.malekysice.cz\/index.php?rest_route=%2Fwp%2Fv2%2Fmedia&parent=4822"}],"curies":[{"name":"wp","href":"https:\/\/api.w.org\/{rel}","templated":true}]}}