{"id":47,"date":"2012-05-02T20:16:00","date_gmt":"2012-05-02T20:16:00","guid":{"rendered":"http:\/\/www.malekysice.cz\/?page_id=47"},"modified":"2024-04-30T08:04:29","modified_gmt":"2024-04-30T08:04:29","slug":"odpadove-hospodarstvi","status":"publish","type":"page","link":"http:\/\/www.malekysice.cz\/?page_id=47","title":{"rendered":"Odpadov\u00e9 hospod\u00e1\u0159stv\u00ed"},"content":{"rendered":"<p style=\"text-align: justify;\">V obci se nach\u00e1zej\u00ed t\u0159i stanovi\u0161t\u011b sb\u011brn\u00fdch n\u00e1dob na <span style=\"text-decoration: underline;\"><strong>t\u0159\u00edd\u011bn\u00fd odpad<\/strong><\/span>, kam je mo\u017en\u00e9 ukl\u00e1dat:<\/p>\n<ul>\n<li><strong>PAP\u00cdR\u00a0<\/strong>do sb\u011brn\u00e9 n\u00e1doby <span style=\"color: #0000ff;\">modr\u00e9 <span style=\"color: #000000;\">barvy<\/span><\/span>,<\/li>\n<li><span style=\"color: #000000;\"><strong>SKLO\u00a0<\/strong>do sb\u011brn\u00e9 n\u00e1doby <span style=\"color: #008000;\">zelen\u00e9<\/span> nebo b\u00edl\u00e9 barvy,<\/span><\/li>\n<li><strong>PLASTY<\/strong> do sb\u011brn\u00e9 n\u00e1doby <span style=\"color: #f0e30e;\">\u017elut\u00e9<\/span> barvy.<\/li>\n<\/ul>\n<p style=\"text-align: center;\"><img loading=\"lazy\" class=\"size-full wp-image-501 aligncenter\" title=\"Sb\u011brn\u00e9 n\u00e1doby\" src=\"http:\/\/www.malekysice.cz\/wp-content\/uploads\/2012\/05\/Sb\u011brn\u00e9-n\u00e1doby.jpg\" alt=\"\" width=\"389\" height=\"134\" srcset=\"http:\/\/www.malekysice.cz\/wp-content\/uploads\/2012\/05\/Sb\u011brn\u00e9-n\u00e1doby.jpg 389w, http:\/\/www.malekysice.cz\/wp-content\/uploads\/2012\/05\/Sb\u011brn\u00e9-n\u00e1doby-300x103.jpg 300w\" sizes=\"(max-width: 389px) 100vw, 389px\" \/><\/p>\n<p style=\"text-align: justify;\">V <span style=\"text-decoration: underline;\"><strong>lok\u00e1ln\u00edm sb\u011brn\u00e9m m\u00edst\u011b<\/strong><\/span> u \u010dist\u00edrny odpadn\u00edch vod je mo\u017en\u00e9 ukl\u00e1dat do p\u0159istaven\u00e9ho kontejneru <strong>\u017dELEZN\u00dd ODPAD<\/strong>. Sb\u011brn\u00e9 m\u00edsto je otev\u0159eno krom\u011b ledna ka\u017edou <strong>prvn\u00ed st\u0159edu v m\u011bs\u00edci<\/strong> od 15.00 do 16.00 hodin. Vstup v jinou dobu je mo\u017en\u00e9 sjednat na obecn\u00edm \u00fa\u0159ad\u011b (tel. 312 698 813).<\/p>\n<p style=\"text-align: justify;\">Dvakr\u00e1t ro\u010dn\u011b je organizov\u00e1n\u00a0svoz <strong>velkoobjemov\u00e9ho a nebezpe\u010dn\u00e9ho odpadu<\/strong>, o kter\u00e9m obec informuje prost\u0159ednictv\u00edm Maloky\u0161ick\u00fdch ozv\u011bn a v\u00fdv\u011bsn\u00edch tabul\u00ed.<\/p>\n\n\n<p>Na obecn\u00edm \u00fa\u0159ad\u011b lze sjednat pravideln\u00fd svoz <strong>bioodpadu<\/strong> z dom\u00e1cnost\u00ed. Svoz prob\u00edh\u00e1 od dubna do konce listopadu.<\/p>\n","protected":false},"excerpt":{"rendered":"<p>V obci se nach\u00e1zej\u00ed t\u0159i stanovi\u0161t\u011b sb\u011brn\u00fdch n\u00e1dob na t\u0159\u00edd\u011bn\u00fd odpad, kam je mo\u017en\u00e9 ukl\u00e1dat: PAP\u00cdR\u00a0do sb\u011brn\u00e9 n\u00e1doby modr\u00e9 barvy, SKLO\u00a0do sb\u011brn\u00e9 n\u00e1doby zelen\u00e9 nebo b\u00edl\u00e9 barvy, PLASTY do sb\u011brn\u00e9&hellip;<\/p>\n","protected":false},"author":1,"featured_media":0,"parent":12,"menu_order":0,"comment_status":"closed","ping_status":"closed","template":"","meta":[],"_links":{"self":[{"href":"http:\/\/www.malekysice.cz\/index.php?rest_route=\/wp\/v2\/pages\/47"}],"collection":[{"href":"http:\/\/www.malekysice.cz\/index.php?rest_route=\/wp\/v2\/pages"}],"about":[{"href":"http:\/\/www.malekysice.cz\/index.php?rest_route=\/wp\/v2\/types\/page"}],"author":[{"embeddable":true,"href":"http:\/\/www.malekysice.cz\/index.php?rest_route=\/wp\/v2\/users\/1"}],"replies":[{"embeddable":true,"href":"http:\/\/www.malekysice.cz\/index.php?rest_route=%2Fwp%2Fv2%2Fcomments&post=47"}],"version-history":[{"count":40,"href":"http:\/\/www.malekysice.cz\/index.php?rest_route=\/wp\/v2\/pages\/47\/revisions"}],"predecessor-version":[{"id":4688,"href":"http:\/\/www.malekysice.cz\/index.php?rest_route=\/wp\/v2\/pages\/47\/revisions\/4688"}],"up":[{"embeddable":true,"href":"http:\/\/www.malekysice.cz\/index.php?rest_route=\/wp\/v2\/pages\/12"}],"wp:attachment":[{"href":"http:\/\/www.malekysice.cz\/index.php?rest_route=%2Fwp%2Fv2%2Fmedia&parent=47"}],"curies":[{"name":"wp","href":"https:\/\/api.w.org\/{rel}","templated":true}]}}

Odpadové hospodářství

<p style="text-align: justify;">V obci se nacházejí tři stanoviště sběrných nádob na <span style="text-decoration: underline;"><strong>tříděný odpad</strong></span>, kam je možné ukládat:</p>
<ul>
<li><strong>PAPÍR </strong>do sběrné nádoby <span style="color: #0000ff;">modré <span style="color: #000000;">barvy</span></span>,</li>
<li><span style="color: #000000;"><strong>SKLO </strong>do sběrné nádoby <span style="color: #008000;">zelené</span> nebo bílé barvy,</span></li>
<li><strong>PLASTY</strong> do sběrné nádoby <span style="color: #f0e30e;">žluté</span> barvy.</li>
</ul>
<p style="text-align: center;"><img loading="lazy" class="size-full wp-image-501 aligncenter" title="Sběrné nádoby" src="http://www.malekysice.cz/wp-content/uploads/2012/05/Sběrné-nádoby.jpg" alt="" width="389" height="134" srcset="http://www.malekysice.cz/wp-content/uploads/2012/05/Sběrné-nádoby.jpg 389w, http://www.malekysice.cz/wp-content/uploads/2012/05/Sběrné-nádoby-300x103.jpg 300w" sizes="(max-width: 389px) 100vw, 389px" /></p>
<p style="text-align: justify;">V <span style="text-decoration: underline;"><strong>lokálním sběrném místě</strong></span> u čistírny odpadních vod je možné ukládat do přistaveného kontejneru <strong>ŽELEZNÝ ODPAD</strong>. Sběrné místo je otevřeno kromě ledna každou <strong>první středu v měsíci</strong> od 15.00 do 16.00 hodin. Vstup v jinou dobu je možné sjednat na obecním úřadě (tel. 312 698 813).</p>
<p style="text-align: justify;">Dvakrát ročně je organizován svoz <strong>velkoobjemového a nebezpečného odpadu</strong>, o kterém obec informuje prostřednictvím Malokyšických ozvěn a vývěsních tabulí.</p>


<p>Na obecním úřadě lze sjednat pravidelný svoz <strong>bioodpadu</strong> z domácností. Svoz probíhá od dubna do konce listopadu.</p>

<p>V obci se nacházejí tři stanoviště sběrných nádob na tříděný odpad, kam je možné ukládat: PAPÍR do sběrné nádoby modré barvy, SKLO do sběrné nádoby zelené nebo bílé barvy, PLASTY do sběrné&hellip;</p>
