{"id":31,"date":"2012-05-02T20:11:51","date_gmt":"2012-05-02T20:11:51","guid":{"rendered":"http:\/\/www.malekysice.cz\/?page_id=31"},"modified":"2023-10-06T19:33:06","modified_gmt":"2023-10-06T19:33:06","slug":"czech-point","status":"publish","type":"page","link":"http:\/\/www.malekysice.cz\/?page_id=31","title":{"rendered":"Czech POINT"},"content":{"rendered":"<p><a href=\"http:\/\/www.malekysice.cz\/wp-content\/uploads\/2023\/10\/logo-Czech-point.gif\"><img loading=\"lazy\" class=\"size-full wp-image-4327 alignleft\" src=\"http:\/\/www.malekysice.cz\/wp-content\/uploads\/2023\/10\/logo-Czech-point.gif\" alt=\"\" width=\"210\" height=\"130\" \/><\/a><\/p>\n<p style=\"text-align: justify;\">\u010cesk\u00fd Podac\u00ed Ov\u011b\u0159ovac\u00ed Informa\u010dn\u00ed N\u00e1rodn\u00ed Termin\u00e1l, tedy <strong>Czech POINT<\/strong> je projektem, jeho\u017e c\u00edlem je zredukovat p\u0159\u00edli\u0161nou byrokracii ve vztahu ob\u010dan \u2013 ve\u0159ejn\u00e1 spr\u00e1va.<\/p>\n<h3 style=\"text-align: left;\">Slu\u017eby poskytovan\u00e9 v r\u00e1mci Czech POINTu<\/h3>\n<p>v\u00edce informac\u00ed z\u00edsk\u00e1te po kliknut\u00ed na p\u0159\u00edslu\u0161nou slu\u017ebu<\/p>\n<ul>\n<li><a href=\"http:\/\/www.czechpoint.cz\/web\/?q=node\/248\">V\u00fdpis z Katastru nemovitost\u00ed<\/a><\/li>\n<li><a href=\"http:\/\/www.czechpoint.cz\/web\/?q=node\/249\">V\u00fdpis z Obchodn\u00edho rejst\u0159\u00edku<\/a><\/li>\n<li><a href=\"http:\/\/www.czechpoint.cz\/web\/?q=node\/250\">V\u00fdpis z \u017divnostensk\u00e9ho rejst\u0159\u00edku<\/a><\/li>\n<li><a href=\"http:\/\/www.czechpoint.cz\/web\/?q=node\/251\">V\u00fdpis z Rejst\u0159\u00edku trest\u016f<\/a><\/li>\n<li><a href=\"http:\/\/www.czechpoint.cz\/web\/?q=node\/578\">V\u00fdpis z Rejst\u0159\u00edku trest\u016f pro pr\u00e1vnickou osobu<\/a><\/li>\n<li><a href=\"http:\/\/www.czechpoint.cz\/web\/?q=node\/252\">P\u0159ijet\u00ed pod\u00e1n\u00ed podle \u017eivnostensk\u00e9ho z\u00e1kona<\/a><\/li>\n<li><a href=\"http:\/\/www.czechpoint.cz\/web\/?q=node\/253\">\u017d\u00e1dost o v\u00fdpis nebo opis z Rejst\u0159\u00edku trest\u016f podle z\u00e1kona \u010d. 124\/2008 Sb.<\/a><\/li>\n<li><a href=\"http:\/\/www.czechpoint.cz\/web\/?q=node\/254\">V\u00fdpis z bodov\u00e9ho hodnocen\u00ed \u0159idi\u010de<\/a><\/li>\n<li><a href=\"http:\/\/www.czechpoint.cz\/web\/?q=node\/255\">Vyd\u00e1n\u00ed ov\u011b\u0159en\u00e9ho v\u00fdstupu ze Seznamu kvalifikovan\u00fdch dodavatel\u016f<\/a><\/li>\n<li><a href=\"http:\/\/www.czechpoint.cz\/web\/?q=node\/256\">Pod\u00e1n\u00ed do registru \u00fa\u010dastn\u00edk\u016f provozu modulu autovrak\u016f ISOH<\/a><\/li>\n<li><a href=\"http:\/\/www.czechpoint.cz\/web\/?q=node\/333\">V\u00fdpis z insolven\u010dn\u00edho rejst\u0159\u00edku<\/a><\/li>\n<li><a href=\"http:\/\/www.czechpoint.cz\/web\/?q=node\/389\">Datov\u00e9 schr\u00e1nky<\/a><\/li>\n<li><a href=\"http:\/\/www.czechpoint.cz\/web\/?q=node\/362\">Autorizovan\u00e1 konverze dokument\u016f<\/a><\/li>\n<li><a href=\"http:\/\/www.czechpoint.cz\/web\/?q=node\/449\">Centr\u00e1ln\u00ed \u00falo\u017ei\u0161t\u011b ov\u011b\u0159ovac\u00edch dolo\u017eek<\/a><\/li>\n<li><a href=\"http:\/\/www.czechpoint.cz\/web\/?q=node\/450\">\u00daschovna syst\u00e9mu Czech POINT<\/a><\/li>\n<\/ul>\n<p style=\"text-align: center;\"><strong>Pro p\u0159echod na ofici\u00e1ln\u00ed webov\u00e9 str\u00e1nky projektu Czech POINT klikn\u011bte\u00a0<a href=\"http:\/\/www.czechpoint.cz\/\">zde<\/a>.<\/strong><\/p>\n","protected":false},"excerpt":{"rendered":"<p>\u010cesk\u00fd Podac\u00ed Ov\u011b\u0159ovac\u00ed Informa\u010dn\u00ed N\u00e1rodn\u00ed Termin\u00e1l, tedy Czech POINT je projektem, jeho\u017e c\u00edlem je zredukovat p\u0159\u00edli\u0161nou byrokracii ve vztahu ob\u010dan \u2013 ve\u0159ejn\u00e1 spr\u00e1va. Slu\u017eby poskytovan\u00e9 v r\u00e1mci Czech POINTu v\u00edce&hellip;<\/p>\n","protected":false},"author":1,"featured_media":0,"parent":10,"menu_order":0,"comment_status":"closed","ping_status":"closed","template":"","meta":[],"_links":{"self":[{"href":"http:\/\/www.malekysice.cz\/index.php?rest_route=\/wp\/v2\/pages\/31"}],"collection":[{"href":"http:\/\/www.malekysice.cz\/index.php?rest_route=\/wp\/v2\/pages"}],"about":[{"href":"http:\/\/www.malekysice.cz\/index.php?rest_route=\/wp\/v2\/types\/page"}],"author":[{"embeddable":true,"href":"http:\/\/www.malekysice.cz\/index.php?rest_route=\/wp\/v2\/users\/1"}],"replies":[{"embeddable":true,"href":"http:\/\/www.malekysice.cz\/index.php?rest_route=%2Fwp%2Fv2%2Fcomments&post=31"}],"version-history":[{"count":25,"href":"http:\/\/www.malekysice.cz\/index.php?rest_route=\/wp\/v2\/pages\/31\/revisions"}],"predecessor-version":[{"id":4329,"href":"http:\/\/www.malekysice.cz\/index.php?rest_route=\/wp\/v2\/pages\/31\/revisions\/4329"}],"up":[{"embeddable":true,"href":"http:\/\/www.malekysice.cz\/index.php?rest_route=\/wp\/v2\/pages\/10"}],"wp:attachment":[{"href":"http:\/\/www.malekysice.cz\/index.php?rest_route=%2Fwp%2Fv2%2Fmedia&parent=31"}],"curies":[{"name":"wp","href":"https:\/\/api.w.org\/{rel}","templated":true}]}}