{"id":3035,"date":"2019-01-02T18:43:08","date_gmt":"2019-01-02T18:43:08","guid":{"rendered":"http:\/\/www.malekysice.cz\/?page_id=3035"},"modified":"2019-12-05T22:12:13","modified_gmt":"2019-12-05T22:12:13","slug":"rok-2019","status":"publish","type":"page","link":"http:\/\/www.malekysice.cz\/?page_id=3035","title":{"rendered":"Rok 2019"},"content":{"rendered":"<p><a href=\"http:\/\/www.malekysice.cz\/wp-content\/uploads\/2019\/01\/Maloky\u0161ick\u00e9-ozv\u011bny-\u010d.1_2019.pdf\">Maloky\u0161ick\u00e9 ozv\u011bny \u010d.1 (124)<\/a><\/p>\n<p><a href=\"http:\/\/www.malekysice.cz\/wp-content\/uploads\/2019\/01\/Maloky\u0161ick\u00e9-ozv\u011bny-\u010d.2_2019.pdf\">Maloky\u0161ick\u00e9 ozv\u011bny \u010d.2 (125)<\/a><\/p>\n<p><a href=\"http:\/\/www.malekysice.cz\/wp-content\/uploads\/2019\/01\/Maloky\u0161ick\u00e9-ozv\u011bny-\u010d.3_2019.pdf\">Maloky\u0161ick\u00e9 ozv\u011bny \u010d.3 (126)<\/a><\/p>\n<p><a href=\"http:\/\/www.malekysice.cz\/wp-content\/uploads\/2019\/01\/Maloky\u0161ick\u00e9-ozv\u011bny-\u010d.4_20191.pdf\">Maloky\u0161ick\u00e9 ozv\u011bny \u010d.4 (127)<\/a><\/p>\n<p><a href=\"http:\/\/www.malekysice.cz\/wp-content\/uploads\/2019\/01\/Z\u00e1pis-do-kroniky-obce-za-rok-2018.pdf\">N\u00e1vrh z\u00e1pisu do kroniky obce za rok 2018<\/a><\/p>\n<p>&nbsp;<\/p>\n<p>&nbsp;<\/p>\n","protected":false},"excerpt":{"rendered":"<p>Maloky\u0161ick\u00e9 ozv\u011bny \u010d.1 (124) Maloky\u0161ick\u00e9 ozv\u011bny \u010d.2 (125) Maloky\u0161ick\u00e9 ozv\u011bny \u010d.3 (126) Maloky\u0161ick\u00e9 ozv\u011bny \u010d.4 (127) N\u00e1vrh z\u00e1pisu do kroniky obce za rok 2018 &nbsp; &nbsp;<\/p>\n","protected":false},"author":1,"featured_media":0,"parent":2,"menu_order":0,"comment_status":"closed","ping_status":"open","template":"","meta":[],"_links":{"self":[{"href":"http:\/\/www.malekysice.cz\/index.php?rest_route=\/wp\/v2\/pages\/3035"}],"collection":[{"href":"http:\/\/www.malekysice.cz\/index.php?rest_route=\/wp\/v2\/pages"}],"about":[{"href":"http:\/\/www.malekysice.cz\/index.php?rest_route=\/wp\/v2\/types\/page"}],"author":[{"embeddable":true,"href":"http:\/\/www.malekysice.cz\/index.php?rest_route=\/wp\/v2\/users\/1"}],"replies":[{"embeddable":true,"href":"http:\/\/www.malekysice.cz\/index.php?rest_route=%2Fwp%2Fv2%2Fcomments&post=3035"}],"version-history":[{"count":7,"href":"http:\/\/www.malekysice.cz\/index.php?rest_route=\/wp\/v2\/pages\/3035\/revisions"}],"predecessor-version":[{"id":3203,"href":"http:\/\/www.malekysice.cz\/index.php?rest_route=\/wp\/v2\/pages\/3035\/revisions\/3203"}],"up":[{"embeddable":true,"href":"http:\/\/www.malekysice.cz\/index.php?rest_route=\/wp\/v2\/pages\/2"}],"wp:attachment":[{"href":"http:\/\/www.malekysice.cz\/index.php?rest_route=%2Fwp%2Fv2%2Fmedia&parent=3035"}],"curies":[{"name":"wp","href":"https:\/\/api.w.org\/{rel}","templated":true}]}}