{"id":2639,"date":"2017-01-05T16:33:41","date_gmt":"2017-01-05T16:33:41","guid":{"rendered":"http:\/\/www.malekysice.cz\/?page_id=2639"},"modified":"2017-12-15T21:21:28","modified_gmt":"2017-12-15T21:21:28","slug":"rok-2017","status":"publish","type":"page","link":"http:\/\/www.malekysice.cz\/?page_id=2639","title":{"rendered":"Rok 2017"},"content":{"rendered":"<p><a href=\"http:\/\/www.malekysice.cz\/wp-content\/uploads\/2017\/01\/Maloky\u0161ick\u00e9-ozv\u011bny-\u010d.1_2017.pdf\">Maloky\u0161ick\u00e9 ozv\u011bny \u010d.1 (113)<\/a><\/p>\n<p><a href=\"http:\/\/www.malekysice.cz\/wp-content\/uploads\/2017\/01\/Maloky\u0161ick\u00e9-ozv\u011bny-\u010d.2_2017.pdf\">Maloky\u0161ick\u00e9 ozv\u011bny \u010d.2 (114)<\/a><\/p>\n<p><a href=\"http:\/\/www.malekysice.cz\/wp-content\/uploads\/2017\/01\/Maloky\u0161ick\u00e9_ozv\u011bny_\u010d.3_2017.pdf\">Maloky\u0161ick\u00e9 ozv\u011bny \u010d.3 (115)<\/a><\/p>\n<p><a href=\"http:\/\/www.malekysice.cz\/wp-content\/uploads\/2017\/01\/Maloky\u0161ick\u00e9_ozv\u011bny_\u010d.4_2017.pdf\">Maloky\u0161ick\u00e9 ozv\u011bny \u010d.4 (116)<\/a><\/p>\n<p><a href=\"http:\/\/www.malekysice.cz\/wp-content\/uploads\/2017\/01\/Maloky\u0161ick\u00e9_ozv\u011bny_\u010d.5_2017.pdf\">Maloky\u0161ick\u00e9 ozv\u011bny \u010d.5 (117)<\/a>\u00a0a <a href=\"http:\/\/www.malekysice.cz\/wp-content\/uploads\/2017\/01\/Z\u00e1pis16.pdf\">P\u0159\u00edloha &#8211; N\u00e1vrh z\u00e1pisu do kroniky obce za rok 2016<\/a><\/p>\n","protected":false},"excerpt":{"rendered":"<p>Maloky\u0161ick\u00e9 ozv\u011bny \u010d.1 (113) Maloky\u0161ick\u00e9 ozv\u011bny \u010d.2 (114) Maloky\u0161ick\u00e9 ozv\u011bny \u010d.3 (115) Maloky\u0161ick\u00e9 ozv\u011bny \u010d.4 (116) Maloky\u0161ick\u00e9 ozv\u011bny \u010d.5 (117)\u00a0a P\u0159\u00edloha &#8211; N\u00e1vrh z\u00e1pisu do kroniky obce za rok 2016<\/p>\n","protected":false},"author":1,"featured_media":0,"parent":2,"menu_order":0,"comment_status":"closed","ping_status":"open","template":"","meta":[],"_links":{"self":[{"href":"http:\/\/www.malekysice.cz\/index.php?rest_route=\/wp\/v2\/pages\/2639"}],"collection":[{"href":"http:\/\/www.malekysice.cz\/index.php?rest_route=\/wp\/v2\/pages"}],"about":[{"href":"http:\/\/www.malekysice.cz\/index.php?rest_route=\/wp\/v2\/types\/page"}],"author":[{"embeddable":true,"href":"http:\/\/www.malekysice.cz\/index.php?rest_route=\/wp\/v2\/users\/1"}],"replies":[{"embeddable":true,"href":"http:\/\/www.malekysice.cz\/index.php?rest_route=%2Fwp%2Fv2%2Fcomments&post=2639"}],"version-history":[{"count":8,"href":"http:\/\/www.malekysice.cz\/index.php?rest_route=\/wp\/v2\/pages\/2639\/revisions"}],"predecessor-version":[{"id":2827,"href":"http:\/\/www.malekysice.cz\/index.php?rest_route=\/wp\/v2\/pages\/2639\/revisions\/2827"}],"up":[{"embeddable":true,"href":"http:\/\/www.malekysice.cz\/index.php?rest_route=\/wp\/v2\/pages\/2"}],"wp:attachment":[{"href":"http:\/\/www.malekysice.cz\/index.php?rest_route=%2Fwp%2Fv2%2Fmedia&parent=2639"}],"curies":[{"name":"wp","href":"https:\/\/api.w.org\/{rel}","templated":true}]}}