{"id":2425,"date":"2016-01-06T20:13:51","date_gmt":"2016-01-06T20:13:51","guid":{"rendered":"http:\/\/www.malekysice.cz\/?page_id=2425"},"modified":"2016-12-15T21:41:25","modified_gmt":"2016-12-15T21:41:25","slug":"rok-2016","status":"publish","type":"page","link":"http:\/\/www.malekysice.cz\/?page_id=2425","title":{"rendered":"Rok 2016"},"content":{"rendered":"<p><a href=\"http:\/\/www.malekysice.cz\/wp-content\/uploads\/2016\/01\/Maloky\u0161ick\u00e9_ozv\u011bny_\u010d.1_2016.pdf\">Maloky\u0161ick\u00e9 ozv\u011bny \u010d.1 (108)<\/a><\/p>\n<p><a href=\"http:\/\/www.malekysice.cz\/wp-content\/uploads\/2016\/01\/Maloky\u0161ick\u00e9_ozv\u011bny_\u010d.2_2016.pdf\">Maloky\u0161ick\u00e9 ozv\u011bny \u010d.2 (109)<\/a><\/p>\n<p><a href=\"http:\/\/www.malekysice.cz\/wp-content\/uploads\/2016\/01\/Maloky\u0161ick\u00e9-ozv\u011bny-\u010d.3_2016.pdf\">Maloky\u0161ick\u00e9 ozv\u011bny \u010d.3 (110)<\/a><\/p>\n<p><a href=\"http:\/\/www.malekysice.cz\/wp-content\/uploads\/2016\/01\/Maloky\u0161ick\u00e9-ozv\u011bny-\u010d.4_20161.pdf\">Maloky\u0161ick\u00e9 ozv\u011bny \u010d.4 (111)<\/a><\/p>\n<p><a href=\"http:\/\/www.malekysice.cz\/wp-content\/uploads\/2016\/01\/Maloky\u0161ick\u00e9-ozv\u011bny-\u010d.5_2016.pdf\">Maloky\u0161ick\u00e9 ozv\u011bny \u010d.5 (112)<\/a> a <a href=\"http:\/\/www.malekysice.cz\/wp-content\/uploads\/2016\/01\/KrMK15b.pdf\">P\u0159\u00edloha &#8211; N\u00e1vrh z\u00e1pisu do kroniky obce za rok 2015<\/a><\/p>\n","protected":false},"excerpt":{"rendered":"<p>Maloky\u0161ick\u00e9 ozv\u011bny \u010d.1 (108) Maloky\u0161ick\u00e9 ozv\u011bny \u010d.2 (109) Maloky\u0161ick\u00e9 ozv\u011bny \u010d.3 (110) Maloky\u0161ick\u00e9 ozv\u011bny \u010d.4 (111) Maloky\u0161ick\u00e9 ozv\u011bny \u010d.5 (112) a P\u0159\u00edloha &#8211; N\u00e1vrh z\u00e1pisu do kroniky obce za rok&hellip;<\/p>\n","protected":false},"author":1,"featured_media":0,"parent":2,"menu_order":0,"comment_status":"closed","ping_status":"open","template":"","meta":[],"_links":{"self":[{"href":"http:\/\/www.malekysice.cz\/index.php?rest_route=\/wp\/v2\/pages\/2425"}],"collection":[{"href":"http:\/\/www.malekysice.cz\/index.php?rest_route=\/wp\/v2\/pages"}],"about":[{"href":"http:\/\/www.malekysice.cz\/index.php?rest_route=\/wp\/v2\/types\/page"}],"author":[{"embeddable":true,"href":"http:\/\/www.malekysice.cz\/index.php?rest_route=\/wp\/v2\/users\/1"}],"replies":[{"embeddable":true,"href":"http:\/\/www.malekysice.cz\/index.php?rest_route=%2Fwp%2Fv2%2Fcomments&post=2425"}],"version-history":[{"count":11,"href":"http:\/\/www.malekysice.cz\/index.php?rest_route=\/wp\/v2\/pages\/2425\/revisions"}],"predecessor-version":[{"id":2453,"href":"http:\/\/www.malekysice.cz\/index.php?rest_route=\/wp\/v2\/pages\/2425\/revisions\/2453"}],"up":[{"embeddable":true,"href":"http:\/\/www.malekysice.cz\/index.php?rest_route=\/wp\/v2\/pages\/2"}],"wp:attachment":[{"href":"http:\/\/www.malekysice.cz\/index.php?rest_route=%2Fwp%2Fv2%2Fmedia&parent=2425"}],"curies":[{"name":"wp","href":"https:\/\/api.w.org\/{rel}","templated":true}]}}