{"id":10,"date":"2012-05-02T20:08:38","date_gmt":"2012-05-02T20:08:38","guid":{"rendered":"http:\/\/www.malekysice.cz\/?page_id=10"},"modified":"2023-10-26T11:24:30","modified_gmt":"2023-10-26T11:24:30","slug":"obecni-urad","status":"publish","type":"page","link":"http:\/\/www.malekysice.cz\/?page_id=10","title":{"rendered":"OBECN\u00cd \u00da\u0158AD"},"content":{"rendered":"\n<p><a href=\"http:\/\/www.malekysice.cz\/?page_id=22\">Kontakt<\/a><\/p>\n\n\n\n<p><a href=\"http:\/\/www.malekysice.cz\/?page_id=20\">\u00da\u0159edn\u00ed hodiny<\/a><\/p>\n\n\n\n<p><a href=\"http:\/\/www.malekysice.cz\/?page_id=6\">\u00da\u0159edn\u00ed deska<\/a><\/p>\n\n\n\n<p><a href=\"http:\/\/www.malekysice.cz\/?page_id=33\">Povinn\u011b zve\u0159ej\u0148ovan\u00e9 informace<\/a><\/p>\n\n\n\n<p><a href=\"http:\/\/www.malekysice.cz\/?page_id=31\">Czech POINT<\/a><\/p>\n\n\n\n<p><a href=\"http:\/\/www.malekysice.cz\/?page_id=29\">\u0158e\u0161en\u00ed z\u00e1kladn\u00edch \u017eivotn\u00edch situac\u00ed<\/a><\/p>\n\n\n\n<p><a href=\"http:\/\/www.malekysice.cz\/?page_id=27\">Registr ozn\u00e1men\u00ed<\/a><\/p>\n\n\n\n<p><a href=\"http:\/\/www.malekysice.cz\/?page_id=24\">Formul\u00e1\u0159e ke sta\u017een\u00ed<\/a><\/p>\n","protected":false},"excerpt":{"rendered":"<p>Kontakt \u00da\u0159edn\u00ed hodiny \u00da\u0159edn\u00ed deska Povinn\u011b zve\u0159ej\u0148ovan\u00e9 informace Czech POINT \u0158e\u0161en\u00ed z\u00e1kladn\u00edch \u017eivotn\u00edch situac\u00ed Registr ozn\u00e1men\u00ed Formul\u00e1\u0159e ke sta\u017een\u00ed<\/p>\n","protected":false},"author":1,"featured_media":0,"parent":0,"menu_order":0,"comment_status":"closed","ping_status":"closed","template":"","meta":[],"_links":{"self":[{"href":"http:\/\/www.malekysice.cz\/index.php?rest_route=\/wp\/v2\/pages\/10"}],"collection":[{"href":"http:\/\/www.malekysice.cz\/index.php?rest_route=\/wp\/v2\/pages"}],"about":[{"href":"http:\/\/www.malekysice.cz\/index.php?rest_route=\/wp\/v2\/types\/page"}],"author":[{"embeddable":true,"href":"http:\/\/www.malekysice.cz\/index.php?rest_route=\/wp\/v2\/users\/1"}],"replies":[{"embeddable":true,"href":"http:\/\/www.malekysice.cz\/index.php?rest_route=%2Fwp%2Fv2%2Fcomments&post=10"}],"version-history":[{"count":4,"href":"http:\/\/www.malekysice.cz\/index.php?rest_route=\/wp\/v2\/pages\/10\/revisions"}],"predecessor-version":[{"id":4427,"href":"http:\/\/www.malekysice.cz\/index.php?rest_route=\/wp\/v2\/pages\/10\/revisions\/4427"}],"wp:attachment":[{"href":"http:\/\/www.malekysice.cz\/index.php?rest_route=%2Fwp%2Fv2%2Fmedia&parent=10"}],"curies":[{"name":"wp","href":"https:\/\/api.w.org\/{rel}","templated":true}]}}